) = 429*o**3 - 7*o**2 + 22. List the prime factors of a(2).
2, 3, 571
Let n(o) = -o. Let k(m) = m + 1. Let z(s) = -14*s + 8. Let q(b) = -5*k(b) - z(b). Let j(w) = -2*n(w) - q(w). List the prime factors of j(-6).
5, 11
Let h = 14849 - -6030. List the prime factors of h.
20879
Let t = 26885 + -17049. What are the prime factors of t?
2, 2459
Suppose 195 = -4*i - 889. Suppose -4*m + 20 = 0, 1011 = 2*v - 11*m + 16*m. Let b = v + i. What are the prime factors of b?
2, 3, 37
Let t(c) = 4*c**2 - 27*c + 66. What are the prime factors of t(-33)?
3, 7, 11, 23
Let d be 2 - 8*3/12. Suppose -21*r + 20*r + 1010 = d. List the prime factors of r.
2, 5, 101
Let g be 2/6*0 + (-2328)/3. Let v = -233 - g. What are the prime factors of v?
3, 181
Let b be 4 - 9/3 - -1. List the prime factors of b/16 - -2*(-6492)/(-64).
7, 29
Let n(x) = -187*x + 2450. List the prime factors of n(-28).
2, 3, 7, 61
Suppose 381835 = 5*q + 5*m, -203 = 3*m - 218. What are the prime factors of q?
2, 3, 11, 13, 89
Suppose -2*t + 5 = 5*g, -2*t + 4 + 11 = -5*g. Suppose -t*n = -14*n + 3924. What are the prime factors of n?
2, 109
What are the prime factors of (-2)/(-27)*128847 + 121/(-99) + 1?
2, 1193
Let v be ((-10)/(-3))/1 + 112/(-336). Suppose -v*o - 4*t + 694 = 70, 2*t + 430 = 2*o. List the prime factors of o.
2, 53
Suppose -4*z = -3*z + 2. Let x(n) = -157*n - 11. List the prime factors of x(z).
3, 101
Let s(v) be the second derivative of -v**4/6 - 9*v**2/2 - 11*v. Let h be s(0). List the prime factors of ((-6)/h)/(4/24).
2
Let y be -18*(39/18 - 3). Suppose -3*z = -y, -n + 1280 = -2*z + 88. List the prime factors of n.
2, 601
Suppose 2*t = -4*h + 15408, 0 = 3*t - h - 15688 - 7452. What are the prime factors of t?
2, 241
Let c = 816 - 812. Suppose 0 = -c*w + 3*z + 2850, 41 = 3*z + 35. What are the prime factors of w?
2, 3, 7, 17
Let z(c) = 11*c**2 - 34*c - 72. Let h be z(28). Suppose -4*d + h = -4*n, d + 2*n - 1428 = 472. What are the prime factors of d?
2, 5, 19
Let y(n) = n**3 + 17*n**2 - 8*n + 8. Let c(a) = 89*a - 11. Let x be c(4). Let r be (-1)/(-4) + x/(-20). What are the prime factors of y(r)?
2, 3
Suppose -2*x = -5*l + 858, -3*l = -4*x + 204 - 716. Let k be (l/(-5))/((-34)/85). Let m = -64 + k. List the prime factors of m.
2, 11
Let y(w) = 240*w. Let p be y(2). Let j = p + -263. Suppose -12 = d - 5*d, 0 = 4*s - d - j. List the prime factors of s.
5, 11
Let l be (8/24)/(2/1986). Let p = l - -60. List the prime factors of p.
17, 23
Let j(m) = 386*m**2 - 100*m + 680. What are the prime factors of j(6)?
2, 1747
Let s(f) = f**3 - 8*f**2 - 7*f - 19. Let n be s(9). List the prime factors of -2 - (5699 + n)/(-7).
2, 7, 29
Let j(c) = 13*c + 6. Suppose 0 = -2*a + 2*s + 80, a + 2*a + 4*s - 155 = 0. Suppose r + 3*r - a = -5*y, 0 = 4*r + 3*y - 35. What are the prime factors of j(r)?
71
Let u = 1610 + 4318. What are the prime factors of u?
2, 3, 13, 19
Let p = 592 + 7888. Suppose 3*h - 5088 = -2*x - x, 5*x - 2*h - p = 0. List the prime factors of x.
2, 53
Let j(n) = 3*n + 50. Let w be j(-14). Let u(k) = -k**3 + 8*k**2 + k - 2. What are the prime factors of u(w)?
2, 3
Let k be 5*-1 - (-8 + 8). Let g(w) = -8 + 31*w**2 - 4 - 4*w - 30*w**2. List the prime factors of g(k).
3, 11
What are the prime factors of (-220)/(-10) + (48910 - 5)?
3, 47, 347
Let q be (2/(-3))/((-6)/1035). Let y be (-6)/4 - 846/(-4). Let h = y - q. List the prime factors of h.
5, 19
Let i(r) = -87*r**2 + 3*r + 13. Let y be i(3). Let k = -321 - y. What are the prime factors of k?
2, 5, 11
List the prime factors of ((-18)/4 - -3)/(3*(-3)/15462).
3, 859
Let g(i) = -2*i**3 - 8*i**2 - 15*i - 1. Let n be g(-7). What are the prime factors of n + 4 + -3 + 6?
3, 5
Suppose 16*t - 5*t - 43711 = -13769. List the prime factors of t.
2, 1361
Let u be ((-8)/(-3))/(45/135). List the prime factors of u/((-112)/(-6)) + (-13344)/(-28).
3, 53
Suppose -4*t + 8799 + 8079 = 2*c, 3*t = 5*c + 12626. List the prime factors of t.
4217
Let o = -378 + 262. Let q = o - -280. What are the prime factors of q?
2, 41
Let f(w) be the first derivative of 11*w**5/120 + w**4/12 - 32*w**3/3 + 10. Let c(u) be the third derivative of f(u). List the prime factors of c(19).
211
Let j(u) = -u**3 + 13*u**2 - 19*u - 27. Suppose -24 - 37 = -5*b + 2*f, -5*f + 18 = 3*b. Let y be j(b). List the prime factors of (-330)/9*y/(-5).
2, 11
Let g(v) = -v**2 + 36*v - 49. Suppose -w = 3*w - 32. Let i be (14/56 + (-94)/w)*-2. List the prime factors of g(i).
2, 5
Suppose -2*y + 48064 = 21*y - 1639. What are the prime factors of y?
2161
List the prime factors of 4/(-21) - (-97066352)/3444.
2, 13, 271
Let k = 12175 - 5622. List the prime factors of k.
6553
Let f be ((-28)/(-6) - 3) + (-138)/18. Suppose 3*p + 195 = 8*p. What are the prime factors of (-2384)/(-52) - f/p?
2, 23
Let d(k) = 368*k**3 - k**2 - k + 2. Let n be d(1). Let a = -142 + n. What are the prime factors of a?
2, 113
Suppose 149 - 5 = 16*c. Suppose -4*n + c*n - 3*r = 2794, 2*n = 5*r + 1129. What are the prime factors of n?
557
Suppose -2*a - 3*x - 15 = -7*a, -4*x - 20 = a. Suppose a = -q - 124 + 934. What are the prime factors of q?
2, 3, 5
Suppose -17*c + 810 = 28*c. Suppose -c*o = 9*o - 31806. List the prime factors of o.
2, 19, 31
Suppose f - 5*x + 27886 = 5*f, 4*x = -8. List the prime factors of f.
2, 11, 317
Suppose -b - 30 = -7*b. Suppose 2 = 4*n + b*i, i - 1 = -3. Suppose 0 = -n*m - 5*j - 4, 2*m + 5*j = -3 - 8. List the prime factors of m.
7
Suppose -8*i + 21797 = -89355 + 14280. What are the prime factors of i?
12109
Let c(x) = 2*x**3 + 8*x**2 + 10. Let p be c(-6). Let n = 241 + p. Suppose -4*r - n = -o, 0 = 5*o - r - 3*r - 471. List the prime factors of o.
7, 13
Let m = 11923 - 8764. What are the prime factors of m?
3, 13
Let o be (8/(-1) + 0)*3/(-6). Suppose -o*t = -20, t + 4*t = -2*m + 29. List the prime factors of ((-160)/(-25))/m*(-95)/(-1).
2, 19
What are the prime factors of 3/((-3)/(-83322)*6)?
3, 1543
Let u = 17417 - 12051. Suppose 1658 = 8*n - u. What are the prime factors of n?
2, 439
Let r = 7153 + -3162. List the prime factors of r.
13, 307
Let g be 2/(48/129) + 6/(-16). Suppose 5*y = h - 258, -y = -3*h - g*y + 717. What are the prime factors of h?
3
Suppose -f + 985 = 5*p - 437, -1426 = -5*p - 3*f. Let l = -173 + p. List the prime factors of l.
3, 37
Let p be 39/(-26) + 2/(-4)*-1. Let o be (-2 - p)/(545/110 + -5). Let k = 2 + o. What are the prime factors of k?
2, 3
Let j(l) = 7*l - 11*l + 4 + 0*l + 0. Let k(o) = o**2 - 15*o + 19. Let p be k(13). List the prime factors of j(p).
2
Suppose 8 = 15*b - 7. Let y(u) = 801*u - 35. List the prime factors of y(b).
2, 383
Let q(a) = -33*a + 9. Let k be q(-1). Suppose -27*b = -21*b - k. What are the prime factors of b?
7
Let d = -3727 + 15005. List the prime factors of d.
2, 5639
Let n(u) be the second derivative of 0 + 1/6*u**4 + 2/3*u**3 + 5/2*u**2 + 14*u. What are the prime factors of n(-7)?
3, 5
Let o = 251920 - 78870. List the prime factors of (-12)/78 - o/(-130).
11
Suppose -s + 2*y + 1828 = 0, 15*s - 3*y = 6*s + 16407. List the prime factors of s.
2, 911
Let f(p) = -p**3 + 9*p**2 - 19*p - 5. Let r be f(4). List the prime factors of (-28656)/(-84) - 4 - r/(-7).
337
Let q(s) be the first derivative of 34*s**3/3 - 3*s**2/2 - s - 4575. Suppose -3 = 3*f + 3. What are the prime factors of q(f)?
3, 47
Suppose 6*o - 6510 - 5874 = 0. Suppose 240 = 6*c - o. What are the prime factors of c?
2, 3
Suppose 5*g + 4*j = 83126, 5*g = j + 18738 + 64418. What are the prime factors of g?
2, 5, 1663
Let p(m) = -10*m**3 + 2*m**2 - 9*m + 5. Let v be p(3). What are the prime factors of (v/78 + (-10)/65)*-99?
3, 11
Let r = -358 - -390. Suppose -27820 = -r*a + 18036. List the prime factors of a.
1433
What are the prime factors of 1 - 8 - ((8 - 4) + -6702)?
6691
Suppose 37*x - 4*f + 30446 = 39*x, -5*f - 45702 = -3*x. List the prime factors of x.
97, 157
Let o(b) = 10*b**3 + 4*b**2 - 4. Let m be o(2). Let h = 434 + m. What are the prime factors of h?
2, 263
Let a = -28670 - -49494. List the prime factors of a.
2, 19, 137
Suppose 39*n - 42*n + 98378 = l, 2*n + 4*l = 65582. List the prime factors of n.
3, 17, 643
Let c = -715 - -444. Let o = -219 - c. List the prime factors of o.
2, 13
Suppose 5*w - 47 = w + 5*c, -w = 3*c + 1. Let f be -104*(-4)/w - 2. Let g = -7 + f. What are the pri